-6*w - 10, w = -c. Suppose 2*n + 8420 = w*r, -21068 = -5*r - 4*n + 3*n. Is r a prime number?
False
Suppose 3*r = 5*o - 20053, 2*o - 3710 = -3*r + 4307. Is o + 3*2/(-12)*6 a composite number?
False
Let a(b) be the first derivative of 7*b + 2/3*b**3 + 1/2*b**2 - 1. Is a(-8) a prime number?
True
Let x(b) = -1322*b - 160. Is x(-7) a prime number?
False
Let v(d) = 3*d**2 + 8*d + 81. Is v(-14) prime?
True
Let r = -12 + 15. Suppose 1437 = -0*i + 2*i - r*t, 12 = -4*t. Suppose 2*p + i = 4*m, 316 = 3*m - 4*p - 227. Is m a composite number?
True
Let c = -174 + 376. Suppose -575 = -3*j + 2*i, -3*i = 3*j - c - 368. Is j a prime number?
True
Let j(p) = p**3 - 1. Let g be j(0). Let r = g - 82. Let a = r - -176. Is a a composite number?
True
Let z be (-4)/(1/(-1)) + 9. Suppose 3*f - 2*f = -2*w + z, 2*w = 8. Suppose 2*i - d = -0*i + 254, 635 = 5*i - f*d. Is i prime?
True
Suppose -5*k = h - 16352, -5*h + 6527 = 2*k - 0*k. Is k a composite number?
False
Suppose 0 = -3*t - 0*t - 6. Let l be (14/21)/(t/(-957)). Let i = -68 + l. Is i prime?
True
Let n(b) = b**2 - 2*b - 1. Let a(p) = -57*p**2 + 4*p - 5. Let m(l) = -a(l) - 2*n(l). Is m(3) composite?
True
Let m(w) = 0*w + 3*w + 1 + 1 + 2*w**2. Let h = 103 - 105. Is m(h) a prime number?
False
Suppose -10*j - 5 + 25 = 0. Suppose -j*z = -216 - 166. Is z a composite number?
False
Let m(x) = -2158*x**3 - x**2 - 2*x - 2. Let a be m(-1). Suppose -2*z + 341 = -a. Is z composite?
False
Is (5/(20/67656))/(6 + -4) prime?
False
Let b = -15 + 18. Suppose 12 = -b*l + 39. Suppose l*j = 4*j + 1455. Is j prime?
False
Let a(v) = -v**3 + 13*v**2 - 9*v + 5. Let i be (3/(-6))/((-3)/(-66)). Let w be (0 - i) + (14 - 17). Is a(w) a prime number?
False
Suppose -4*r = 112*m - 113*m - 72051, -4*m = -2*r + 36022. Is r prime?
True
Let o be -2 - (5 + -2 - 2). Let z(x) = -19*x - 4. Let s be z(o). Suppose y - s = 6. Is y composite?
False
Let g = -995 - -2594. Suppose 1854 = 3*t - g. Is t composite?
False
Let t(v) = 1338*v**2 - 18*v + 13. Is t(6) prime?
True
Let h = 47380 - 23387. Is h a prime number?
True
Suppose 35*r - 32*r - 16143 = 0. Is r a composite number?
False
Let w(s) = -86*s**3 - 15*s**2 - 8*s - 25. Is w(-6) composite?
False
Suppose 5*t + 4 = -5*f - 16, 5*t - 5*f = 10. Let k(n) = -372*n**3 + 1. Is k(t) composite?
False
Is (-104)/(-676) - 810639/(-13) prime?
False
Suppose -2*i - 2 = -3*i. Suppose -2*m - 128 = -3*m. Suppose 5*s = -5*t + m + 2, -i*s - 5*t = -37. Is s prime?
True
Suppose -8*o = 2*o - 13580. Suppose 4*v = -5*i + 6133, o = 5*i - 5*v - 4802. Is i composite?
False
Let t(c) be the first derivative of 2*c**2 + 4*c - 5. Let o be t(-4). Is (-1047)/(-18) - (-2)/o composite?
True
Suppose -a + 100 = -11. Suppose -5*z + 2*y - 73 = a, -5*y + 82 = -2*z. Is (-222)/4*24/z a prime number?
True
Let w = 60643 + -12480. Is w prime?
True
Let c = -14 + 427. Is c a prime number?
False
Let p be 5*1/(5/(-2)). Let v be 1/(20/(-12) - p). Is (-313 - -1)/(-2) + v prime?
False
Let f(p) = 47*p**2 + 6*p + 5. Suppose -3*h - 7 = 11. Is f(h) prime?
False
Let r = 15 - 9. Let g be r/14 - (-23427)/21. Let t = g + -519. Is t a prime number?
False
Suppose 0*g - 3*g = -5*k - 915, 2*g - 2*k = 610. Let n = 996 - g. Is n a composite number?
False
Suppose 0 = 2*p + 5*f - 518, -3*f - 1357 = -p - 4*p. Let w = p + -70. Is w a composite number?
False
Suppose 4*f - 16*f = -13812. Is f a composite number?
False
Let j(s) = 5*s + 3. Let v = -11 - -7. Let k be j(v). Is k*(-5)/(10/4) composite?
True
Suppose 4*l + 6 = 30. Is (5 - -1)/(7/(4137/l)) a composite number?
True
Suppose 24 = -5*s + 11*s. Suppose a + 2071 = 4*i + s*a, a + 2584 = 5*i. Is i a composite number?
True
Let p = -742 - -512. Let k = -143 - p. Is k a composite number?
True
Suppose 4*s + 3 = -5. Let c be (-12 - -6)*s/3. Let f = c - -15. Is f a composite number?
False
Suppose 64*a - 59*a = 50035. Is a prime?
True
Let g(l) be the first derivative of 9 - 5/3*l**3 + 1/2*l**4 - 4*l**2 - l. Is g(6) composite?
True
Let b(s) = -s**2 + 7*s - 19. Let f be b(-11). Let w = f - -968. Is w prime?
True
Let q(g) be the first derivative of -53*g**2/2 + 5*g - 15. Let h be 2 - (-1 - -6) - 1. Is q(h) composite?
True
Let q(z) = 13*z + 20. Let w be q(-10). Suppose -n + 2 = -205. Let h = n + w. Is h a prime number?
True
Suppose g - v - 5858 = 0, -5*v = -g + 5070 + 792. Is g a composite number?
False
Suppose 0 = 5*m + 2*z + 154, -3*z = -m - 0*m - 24. Is -10*55/m*3 prime?
False
Let y(n) = 2*n**2 + 26*n. Let i be y(-13). Suppose i = -2*d - 4*p + 24, 2*p + 5 = -4*d + 83. Is d prime?
False
Suppose -62636 - 15160 = -18*g. Is g prime?
False
Suppose 4*k - 5*t = -13, -2*k + 6*k + t = 17. Suppose k*r + 2*r - 245 = 0. Is r prime?
False
Let i(j) be the third derivative of j**6/120 + j**5/5 - 3*j**4/8 + 11*j**3/6 + 18*j**2. Is i(-12) prime?
False
Let s(b) = b**3 + 29*b**2 - 17*b - 134. Is s(-27) composite?
False
Suppose -28*t - 9 = -31*t. Let v(x) = -2 + 82*x + 44*x - 41*x. Is v(t) prime?
False
Suppose -3*k + 8*k + o = 28, 0 = 5*k + 4*o - 22. Let b(c) = 35*c + 41. Is b(k) composite?
False
Let c(t) = t**3 - 4*t**2 + t + 623. Is c(0) a composite number?
True
Suppose 5*x - 20327 = -4*w, 4*x - 3*x = w - 5075. Is w composite?
True
Let p = -9 - -14. Let g = 456 + 22. Suppose -p*d + 4*c + 842 + 1643 = 0, 0 = -d - 3*c + g. Is d a prime number?
False
Let h = -25028 + 65619. Is h a composite number?
False
Let x be -2*1*42/(-12). Suppose 2*r - w + 1907 = x*r, 0 = r - 3*w - 375. Is r a composite number?
True
Let a(i) = -i + 7 - i + i. Let l be a(6). Is -1 - (889 - l)/(-2) a prime number?
True
Suppose -5*v = -3*p + 31, -3*p = -p - 4*v - 24. Suppose p*i + 90 = -0*i. Let w = i - -194. Is w a composite number?
False
Let a = 46 + -51. Let n(p) be the first derivative of 2*p**3/3 + 3*p**2 - p + 1. Is n(a) a prime number?
True
Let i = -1064 + 1658. Suppose -5*r = i - 2164. Suppose 0 = 3*k - 583 - r. Is k prime?
False
Let b(q) = 58*q - 30. Let n(p) = -115*p + 60. Let a(i) = 5*b(i) + 3*n(i). Is a(-13) a composite number?
True
Let i(p) = 5436*p**2 + 11*p + 10. Is i(-1) prime?
False
Suppose 0 = 5*c + 2*z - 138, -6*c - 5*z = -2*c - 124. Let w = -21 + c. Suppose -2*t + 514 = 4*x, 1264 = w*t + x + 2*x. Is t prime?
True
Is (17727/9)/((-16)/(-48)) a composite number?
True
Let o = 16 - 14. Suppose -2*u = -5*z - 4778 + 1986, 0 = u + o*z - 1405. Suppose -u = -3*w + 3*b + 1545, 2*w - 1967 = -b. Is w composite?
False
Suppose 5*r - 217425 = -3*s - 33475, -2*r + 73599 = 5*s. Is r composite?
False
Suppose 0 = 5*g - 8629 - 76. Suppose -4*u + g = -3*k, -4*u + 2175 = u - 4*k. Is u prime?
True
Suppose 15*n - 199837 + 20302 = 0. Is n a composite number?
False
Suppose -n = 3*z - 90, 3*n - 2*z = -0*z + 292. Let k = n - -27. Is k a composite number?
True
Is (-711626)/(-6) - ((-242)/(-33) + -6) prime?
True
Let b(v) = -7*v**3 - 7*v**2 + 8*v + 15. Let r be b(-6). Let j = 5786 - r. Is j composite?
True
Let i(t) = -t**3 - 16*t**2 + 18*t + 21. Let u be i(-17). Is (-12)/u - 6848/(-2) composite?
True
Let p = 139 - 55. Let k(n) = -3*n**3 - n**2 - n. Let z be k(-3). Let s = z + p. Is s a composite number?
True
Let z(t) = -13950*t**3 - 2*t - 1. Is z(-1) a composite number?
True
Let w = -559 - -579. Let k be 12*(-1 - 0/1). Is 8055/w + (-3)/k a composite number?
True
Suppose 22*l = 18*l + 22020. Suppose 4*b - l = 2627. Is b a composite number?
True
Suppose -4078 = -3*o - 1057. Is o a prime number?
False
Suppose -723 = -3*s + 690. Is s a composite number?
True
Let z(k) = -5 + 5*k**3 + 2 + 2*k**2 + 2*k**3 + 2*k. Let w = -1 - -3. Is z(w) a composite number?
True
Suppose 2*w = -18 + 86. Suppose 196 + w = 2*p. Is p a prime number?
False
Let n = -9039 + 13366. Is n composite?
False
Let t be (2/5)/(6/60) + -1. Is 254*(-4 + t + 2) prime?
False
Let d = 28186 + 2905. Is d composite?
False
Let h(x) be the second derivative of -17*x**5/20 + x**4/2 - 2*x**3/3 - 2*x**2 + 2*x. Is h(-3) a prime number?
True
Let y(u) = -u**2 + 9*u + 4. Let p be y(9). Suppose -2*a = 2*r - 194, -p*r - 488 = -5*a - 6*r. Is (-4)/14 + 3654/a composite?
False
Let q be 4/(-26) + (-28)/(-13). Let k be (-4)/(-5)*5/q. Is (-7)/(-14)*(884 + k) prime?
True
Is ((-12)/(-18))/(22/6765) a composite number?
True
Is 28/196 + 62016/28 composite?
True
Suppose -224 = -2*y + 6758. Is y a composite number?
False
Is -3 + 5 + 8035 + 2 a composite number?
False
S